{"id":218,"date":"2024-10-03T19:26:36","date_gmt":"2024-10-03T19:26:36","guid":{"rendered":"https:\/\/hannatillmann.com\/?page_id=218"},"modified":"2025-02-27T10:52:53","modified_gmt":"2025-02-27T10:52:53","slug":"2024-2","status":"publish","type":"page","link":"https:\/\/hannatillmann.com\/index.php\/2024-2\/","title":{"rendered":"2024"},"content":{"rendered":"\t\t<div data-elementor-type=\"wp-page\" data-elementor-id=\"218\" class=\"elementor elementor-218\" data-elementor-post-type=\"page\">\n\t\t\t\t\t\t<section class=\"elementor-section elementor-top-section elementor-element elementor-element-67d733a elementor-section-boxed elementor-section-height-default elementor-section-height-default\" data-id=\"67d733a\" data-element_type=\"section\">\n\t\t\t\t\t\t<div class=\"elementor-container elementor-column-gap-default\">\n\t\t\t\t\t<div class=\"elementor-column elementor-col-100 elementor-top-column elementor-element elementor-element-76f6c27\" data-id=\"76f6c27\" data-element_type=\"column\">\n\t\t\t<div class=\"elementor-widget-wrap elementor-element-populated\">\n\t\t\t\t\t\t<div class=\"elementor-element elementor-element-d41f3ac elementor-widget elementor-widget-heading\" data-id=\"d41f3ac\" data-element_type=\"widget\" data-widget_type=\"heading.default\">\n\t\t\t\t<div class=\"elementor-widget-container\">\n\t\t\t<h2 class=\"elementor-heading-title elementor-size-default\">Kerett\u00f6rt\u00e9net<\/h2>\t\t<\/div>\n\t\t\t\t<\/div>\n\t\t\t\t<div class=\"elementor-element elementor-element-e00e55e elementor-widget__width-initial elementor-widget elementor-widget-text-editor\" data-id=\"e00e55e\" data-element_type=\"widget\" data-widget_type=\"text-editor.default\">\n\t\t\t\t<div class=\"elementor-widget-container\">\n\t\t\t\t\t\t\t<p><span style=\"color: #050505; font-family: system-ui, -apple-system, 'system-ui', '.SFNSText-Regular', sans-serif; font-size: 15px; text-align: start;\"><em>&#8222;Kider\u00fclt, hogy a kerett\u00f6rt\u00e9net \u00e1t\u00edrhat\u00f3. Nem kell kidobni, el\u00e9g \u00e1talak\u00edtani. \u00c9s ekkor lett ez a ki\u00e1ll\u00edt\u00e1s.&#8221;<\/em> (T.H.)<\/span><\/p>\t\t\t\t\t\t<\/div>\n\t\t\t\t<\/div>\n\t\t\t\t\t<\/div>\n\t\t<\/div>\n\t\t\t\t\t<\/div>\n\t\t<\/section>\n\t\t\t\t<section class=\"elementor-section elementor-top-section elementor-element elementor-element-9489248 elementor-section-full_width elementor-section-height-default elementor-section-height-default\" data-id=\"9489248\" data-element_type=\"section\" data-settings=\"{&quot;background_background&quot;:&quot;classic&quot;}\">\n\t\t\t\t\t\t<div class=\"elementor-container elementor-column-gap-default\">\n\t\t\t\t\t<div class=\"elementor-column elementor-col-100 elementor-top-column elementor-element elementor-element-5e93f95\" data-id=\"5e93f95\" data-element_type=\"column\">\n\t\t\t<div class=\"elementor-widget-wrap elementor-element-populated\">\n\t\t\t\t\t\t<div class=\"elementor-element elementor-element-cdf22c0 elementor-widget elementor-widget-gallery\" data-id=\"cdf22c0\" data-element_type=\"widget\" data-settings=\"{&quot;gallery_layout&quot;:&quot;masonry&quot;,&quot;gap&quot;:{&quot;unit&quot;:&quot;px&quot;,&quot;size&quot;:30,&quot;sizes&quot;:[]},&quot;columns_mobile&quot;:2,&quot;lazyload&quot;:&quot;yes&quot;,&quot;columns&quot;:4,&quot;columns_tablet&quot;:2,&quot;gap_tablet&quot;:{&quot;unit&quot;:&quot;px&quot;,&quot;size&quot;:10,&quot;sizes&quot;:[]},&quot;gap_mobile&quot;:{&quot;unit&quot;:&quot;px&quot;,&quot;size&quot;:10,&quot;sizes&quot;:[]},&quot;link_to&quot;:&quot;file&quot;,&quot;overlay_background&quot;:&quot;yes&quot;,&quot;content_hover_animation&quot;:&quot;fade-in&quot;}\" data-widget_type=\"gallery.default\">\n\t\t\t\t<div class=\"elementor-widget-container\">\n\t\t\t\t\t<div class=\"elementor-gallery__container\">\n\t\t\t\t\t\t\t<a class=\"e-gallery-item elementor-gallery-item elementor-animated-content\" href=\"https:\/\/hannatillmann.com\/wp-content\/uploads\/2024\/08\/tillmann-hanna_.jpg\" data-elementor-open-lightbox=\"yes\" data-elementor-lightbox-slideshow=\"cdf22c0\" data-elementor-lightbox-title=\"tillmann hanna_\" data-e-action-hash=\"#elementor-action%3Aaction%3Dlightbox%26settings%3DeyJpZCI6NzQsInVybCI6Imh0dHBzOlwvXC9oYW5uYXRpbGxtYW5uLmNvbVwvd3AtY29udGVudFwvdXBsb2Fkc1wvMjAyNFwvMDhcL3RpbGxtYW5uLWhhbm5hXy5qcGciLCJzbGlkZXNob3ciOiJjZGYyMmMwIn0%3D\">\n\t\t\t\t\t<div class=\"e-gallery-image elementor-gallery-item__image\" data-thumbnail=\"https:\/\/hannatillmann.com\/wp-content\/uploads\/2024\/08\/tillmann-hanna_-195x300.jpg\" data-width=\"195\" data-height=\"300\" aria-label=\"\" role=\"img\" ><\/div>\n\t\t\t\t\t\t\t\t\t\t\t<div class=\"elementor-gallery-item__overlay\"><\/div>\n\t\t\t\t\t\t\t\t\t\t\t\t\t\t<\/a>\n\t\t\t\t\t\t\t<a class=\"e-gallery-item elementor-gallery-item elementor-animated-content\" href=\"https:\/\/hannatillmann.com\/wp-content\/uploads\/2024\/08\/tillmann-hanna_retegek.png\" data-elementor-open-lightbox=\"yes\" data-elementor-lightbox-slideshow=\"cdf22c0\" data-elementor-lightbox-title=\"tillmann hanna_retegek\" data-e-action-hash=\"#elementor-action%3Aaction%3Dlightbox%26settings%3DeyJpZCI6NzMsInVybCI6Imh0dHBzOlwvXC9oYW5uYXRpbGxtYW5uLmNvbVwvd3AtY29udGVudFwvdXBsb2Fkc1wvMjAyNFwvMDhcL3RpbGxtYW5uLWhhbm5hX3JldGVnZWsucG5nIiwic2xpZGVzaG93IjoiY2RmMjJjMCJ9\">\n\t\t\t\t\t<div class=\"e-gallery-image elementor-gallery-item__image\" data-thumbnail=\"https:\/\/hannatillmann.com\/wp-content\/uploads\/2024\/08\/tillmann-hanna_retegek-205x300.png\" data-width=\"205\" data-height=\"300\" aria-label=\"\" role=\"img\" ><\/div>\n\t\t\t\t\t\t\t\t\t\t\t<div class=\"elementor-gallery-item__overlay\"><\/div>\n\t\t\t\t\t\t\t\t\t\t\t\t\t\t<\/a>\n\t\t\t\t\t\t\t<a class=\"e-gallery-item elementor-gallery-item elementor-animated-content\" href=\"https:\/\/hannatillmann.com\/wp-content\/uploads\/2024\/08\/tillmann-hanna_kitakart-gyumolcsok_2024.png\" data-elementor-open-lightbox=\"yes\" data-elementor-lightbox-slideshow=\"cdf22c0\" data-elementor-lightbox-title=\"tillmann hanna_kitakart gyumolcsok_2024\" data-e-action-hash=\"#elementor-action%3Aaction%3Dlightbox%26settings%3DeyJpZCI6NzIsInVybCI6Imh0dHBzOlwvXC9oYW5uYXRpbGxtYW5uLmNvbVwvd3AtY29udGVudFwvdXBsb2Fkc1wvMjAyNFwvMDhcL3RpbGxtYW5uLWhhbm5hX2tpdGFrYXJ0LWd5dW1vbGNzb2tfMjAyNC5wbmciLCJzbGlkZXNob3ciOiJjZGYyMmMwIn0%3D\">\n\t\t\t\t\t<div class=\"e-gallery-image elementor-gallery-item__image\" data-thumbnail=\"https:\/\/hannatillmann.com\/wp-content\/uploads\/2024\/08\/tillmann-hanna_kitakart-gyumolcsok_2024-196x300.png\" data-width=\"196\" data-height=\"300\" aria-label=\"\" role=\"img\" ><\/div>\n\t\t\t\t\t\t\t\t\t\t\t<div class=\"elementor-gallery-item__overlay\"><\/div>\n\t\t\t\t\t\t\t\t\t\t\t\t\t\t<\/a>\n\t\t\t\t\t\t\t<a class=\"e-gallery-item elementor-gallery-item elementor-animated-content\" href=\"https:\/\/hannatillmann.com\/wp-content\/uploads\/2024\/08\/tillmann-hanna_dark-night-of-the-soul_2024.png\" data-elementor-open-lightbox=\"yes\" data-elementor-lightbox-slideshow=\"cdf22c0\" data-elementor-lightbox-title=\"tillmann hanna_dark night of the soul_2024\" data-e-action-hash=\"#elementor-action%3Aaction%3Dlightbox%26settings%3DeyJpZCI6NzEsInVybCI6Imh0dHBzOlwvXC9oYW5uYXRpbGxtYW5uLmNvbVwvd3AtY29udGVudFwvdXBsb2Fkc1wvMjAyNFwvMDhcL3RpbGxtYW5uLWhhbm5hX2RhcmstbmlnaHQtb2YtdGhlLXNvdWxfMjAyNC5wbmciLCJzbGlkZXNob3ciOiJjZGYyMmMwIn0%3D\">\n\t\t\t\t\t<div class=\"e-gallery-image elementor-gallery-item__image\" data-thumbnail=\"https:\/\/hannatillmann.com\/wp-content\/uploads\/2024\/08\/tillmann-hanna_dark-night-of-the-soul_2024-300x212.png\" data-width=\"300\" data-height=\"212\" aria-label=\"\" role=\"img\" ><\/div>\n\t\t\t\t\t\t\t\t\t\t\t<div class=\"elementor-gallery-item__overlay\"><\/div>\n\t\t\t\t\t\t\t\t\t\t\t\t\t\t<\/a>\n\t\t\t\t\t\t\t<a class=\"e-gallery-item elementor-gallery-item elementor-animated-content\" href=\"https:\/\/hannatillmann.com\/wp-content\/uploads\/2024\/08\/tillmann-hanna__hullamzas-a-parkettan_2024.png\" data-elementor-open-lightbox=\"yes\" data-elementor-lightbox-slideshow=\"cdf22c0\" data-elementor-lightbox-title=\"tillmann hanna__hullamzas a parkettan_2024\" data-e-action-hash=\"#elementor-action%3Aaction%3Dlightbox%26settings%3DeyJpZCI6NzAsInVybCI6Imh0dHBzOlwvXC9oYW5uYXRpbGxtYW5uLmNvbVwvd3AtY29udGVudFwvdXBsb2Fkc1wvMjAyNFwvMDhcL3RpbGxtYW5uLWhhbm5hX19odWxsYW16YXMtYS1wYXJrZXR0YW5fMjAyNC5wbmciLCJzbGlkZXNob3ciOiJjZGYyMmMwIn0%3D\">\n\t\t\t\t\t<div class=\"e-gallery-image elementor-gallery-item__image\" data-thumbnail=\"https:\/\/hannatillmann.com\/wp-content\/uploads\/2024\/08\/tillmann-hanna__hullamzas-a-parkettan_2024-211x300.png\" data-width=\"211\" data-height=\"300\" aria-label=\"\" role=\"img\" ><\/div>\n\t\t\t\t\t\t\t\t\t\t\t<div class=\"elementor-gallery-item__overlay\"><\/div>\n\t\t\t\t\t\t\t\t\t\t\t\t\t\t<\/a>\n\t\t\t\t\t\t\t<a class=\"e-gallery-item elementor-gallery-item elementor-animated-content\" href=\"https:\/\/hannatillmann.com\/wp-content\/uploads\/2024\/08\/IMG_5297-1.png\" data-elementor-open-lightbox=\"yes\" data-elementor-lightbox-slideshow=\"cdf22c0\" data-elementor-lightbox-title=\"IMG_5297\" data-e-action-hash=\"#elementor-action%3Aaction%3Dlightbox%26settings%3DeyJpZCI6NjksInVybCI6Imh0dHBzOlwvXC9oYW5uYXRpbGxtYW5uLmNvbVwvd3AtY29udGVudFwvdXBsb2Fkc1wvMjAyNFwvMDhcL0lNR181Mjk3LTEucG5nIiwic2xpZGVzaG93IjoiY2RmMjJjMCJ9\">\n\t\t\t\t\t<div class=\"e-gallery-image elementor-gallery-item__image\" data-thumbnail=\"https:\/\/hannatillmann.com\/wp-content\/uploads\/2024\/08\/IMG_5297-1-211x300.png\" data-width=\"211\" data-height=\"300\" aria-label=\"\" role=\"img\" ><\/div>\n\t\t\t\t\t\t\t\t\t\t\t<div class=\"elementor-gallery-item__overlay\"><\/div>\n\t\t\t\t\t\t\t\t\t\t\t\t\t\t<\/a>\n\t\t\t\t\t\t\t<a class=\"e-gallery-item elementor-gallery-item elementor-animated-content\" href=\"https:\/\/hannatillmann.com\/wp-content\/uploads\/2024\/08\/tillmann-hanna__2024_3.png\" data-elementor-open-lightbox=\"yes\" data-elementor-lightbox-slideshow=\"cdf22c0\" data-elementor-lightbox-title=\"tillmann hanna__2024_3\" data-e-action-hash=\"#elementor-action%3Aaction%3Dlightbox%26settings%3DeyJpZCI6NjcsInVybCI6Imh0dHBzOlwvXC9oYW5uYXRpbGxtYW5uLmNvbVwvd3AtY29udGVudFwvdXBsb2Fkc1wvMjAyNFwvMDhcL3RpbGxtYW5uLWhhbm5hX18yMDI0XzMucG5nIiwic2xpZGVzaG93IjoiY2RmMjJjMCJ9\">\n\t\t\t\t\t<div class=\"e-gallery-image elementor-gallery-item__image\" data-thumbnail=\"https:\/\/hannatillmann.com\/wp-content\/uploads\/2024\/08\/tillmann-hanna__2024_3-300x225.png\" data-width=\"300\" data-height=\"225\" aria-label=\"\" role=\"img\" ><\/div>\n\t\t\t\t\t\t\t\t\t\t\t<div class=\"elementor-gallery-item__overlay\"><\/div>\n\t\t\t\t\t\t\t\t\t\t\t\t\t\t<\/a>\n\t\t\t\t\t\t\t<a class=\"e-gallery-item elementor-gallery-item elementor-animated-content\" href=\"https:\/\/hannatillmann.com\/wp-content\/uploads\/2024\/08\/tillmann-hanna__2024.png\" data-elementor-open-lightbox=\"yes\" data-elementor-lightbox-slideshow=\"cdf22c0\" data-elementor-lightbox-title=\"tillmann hanna__2024\" data-e-action-hash=\"#elementor-action%3Aaction%3Dlightbox%26settings%3DeyJpZCI6NjUsInVybCI6Imh0dHBzOlwvXC9oYW5uYXRpbGxtYW5uLmNvbVwvd3AtY29udGVudFwvdXBsb2Fkc1wvMjAyNFwvMDhcL3RpbGxtYW5uLWhhbm5hX18yMDI0LnBuZyIsInNsaWRlc2hvdyI6ImNkZjIyYzAifQ%3D%3D\">\n\t\t\t\t\t<div class=\"e-gallery-image elementor-gallery-item__image\" data-thumbnail=\"https:\/\/hannatillmann.com\/wp-content\/uploads\/2024\/08\/tillmann-hanna__2024-226x300.png\" data-width=\"226\" data-height=\"300\" aria-label=\"\" role=\"img\" ><\/div>\n\t\t\t\t\t\t\t\t\t\t\t<div class=\"elementor-gallery-item__overlay\"><\/div>\n\t\t\t\t\t\t\t\t\t\t\t\t\t\t<\/a>\n\t\t\t\t\t\t\t<a class=\"e-gallery-item elementor-gallery-item elementor-animated-content\" href=\"https:\/\/hannatillmann.com\/wp-content\/uploads\/2024\/08\/tillmann-hanna_ego-vaza_2024.png\" data-elementor-open-lightbox=\"yes\" data-elementor-lightbox-slideshow=\"cdf22c0\" data-elementor-lightbox-title=\"tillmann hanna_ego vaza_2024\" data-e-action-hash=\"#elementor-action%3Aaction%3Dlightbox%26settings%3DeyJpZCI6NjQsInVybCI6Imh0dHBzOlwvXC9oYW5uYXRpbGxtYW5uLmNvbVwvd3AtY29udGVudFwvdXBsb2Fkc1wvMjAyNFwvMDhcL3RpbGxtYW5uLWhhbm5hX2Vnby12YXphXzIwMjQucG5nIiwic2xpZGVzaG93IjoiY2RmMjJjMCJ9\">\n\t\t\t\t\t<div class=\"e-gallery-image elementor-gallery-item__image\" data-thumbnail=\"https:\/\/hannatillmann.com\/wp-content\/uploads\/2024\/08\/tillmann-hanna_ego-vaza_2024-240x300.png\" data-width=\"240\" data-height=\"300\" aria-label=\"\" role=\"img\" ><\/div>\n\t\t\t\t\t\t\t\t\t\t\t<div class=\"elementor-gallery-item__overlay\"><\/div>\n\t\t\t\t\t\t\t\t\t\t\t\t\t\t<\/a>\n\t\t\t\t\t\t\t<a class=\"e-gallery-item elementor-gallery-item elementor-animated-content\" href=\"https:\/\/hannatillmann.com\/wp-content\/uploads\/2024\/08\/tillmann-hanna_kilepes-a-keretbol_2024.png\" data-elementor-open-lightbox=\"yes\" data-elementor-lightbox-slideshow=\"cdf22c0\" data-elementor-lightbox-title=\"tillmann hanna_kilepes a keretbol_2024\" data-e-action-hash=\"#elementor-action%3Aaction%3Dlightbox%26settings%3DeyJpZCI6NjMsInVybCI6Imh0dHBzOlwvXC9oYW5uYXRpbGxtYW5uLmNvbVwvd3AtY29udGVudFwvdXBsb2Fkc1wvMjAyNFwvMDhcL3RpbGxtYW5uLWhhbm5hX2tpbGVwZXMtYS1rZXJldGJvbF8yMDI0LnBuZyIsInNsaWRlc2hvdyI6ImNkZjIyYzAifQ%3D%3D\">\n\t\t\t\t\t<div class=\"e-gallery-image elementor-gallery-item__image\" data-thumbnail=\"https:\/\/hannatillmann.com\/wp-content\/uploads\/2024\/08\/tillmann-hanna_kilepes-a-keretbol_2024-239x300.png\" data-width=\"239\" data-height=\"300\" aria-label=\"\" role=\"img\" ><\/div>\n\t\t\t\t\t\t\t\t\t\t\t<div class=\"elementor-gallery-item__overlay\"><\/div>\n\t\t\t\t\t\t\t\t\t\t\t\t\t\t<\/a>\n\t\t\t\t\t\t\t<a class=\"e-gallery-item elementor-gallery-item elementor-animated-content\" href=\"https:\/\/hannatillmann.com\/wp-content\/uploads\/2024\/08\/tillmann-hanna_harman-egy-hajoban_2021.png\" data-elementor-open-lightbox=\"yes\" data-elementor-lightbox-slideshow=\"cdf22c0\" data-elementor-lightbox-title=\"tillmann hanna_harman egy hajoban_2021\" data-e-action-hash=\"#elementor-action%3Aaction%3Dlightbox%26settings%3DeyJpZCI6NzYsInVybCI6Imh0dHBzOlwvXC9oYW5uYXRpbGxtYW5uLmNvbVwvd3AtY29udGVudFwvdXBsb2Fkc1wvMjAyNFwvMDhcL3RpbGxtYW5uLWhhbm5hX2hhcm1hbi1lZ3ktaGFqb2Jhbl8yMDIxLnBuZyIsInNsaWRlc2hvdyI6ImNkZjIyYzAifQ%3D%3D\">\n\t\t\t\t\t<div class=\"e-gallery-image elementor-gallery-item__image\" data-thumbnail=\"https:\/\/hannatillmann.com\/wp-content\/uploads\/2024\/08\/tillmann-hanna_harman-egy-hajoban_2021-205x300.png\" data-width=\"205\" data-height=\"300\" aria-label=\"\" role=\"img\" ><\/div>\n\t\t\t\t\t\t\t\t\t\t\t<div class=\"elementor-gallery-item__overlay\"><\/div>\n\t\t\t\t\t\t\t\t\t\t\t\t\t\t<\/a>\n\t\t\t\t\t\t\t<a class=\"e-gallery-item elementor-gallery-item elementor-animated-content\" href=\"https:\/\/hannatillmann.com\/wp-content\/uploads\/2024\/08\/tillmann-hanna_anya-es-fia_2024.jpg\" data-elementor-open-lightbox=\"yes\" data-elementor-lightbox-slideshow=\"cdf22c0\" data-elementor-lightbox-title=\"tillmann hanna_anya es fia_2024\" data-e-action-hash=\"#elementor-action%3Aaction%3Dlightbox%26settings%3DeyJpZCI6NzUsInVybCI6Imh0dHBzOlwvXC9oYW5uYXRpbGxtYW5uLmNvbVwvd3AtY29udGVudFwvdXBsb2Fkc1wvMjAyNFwvMDhcL3RpbGxtYW5uLWhhbm5hX2FueWEtZXMtZmlhXzIwMjQuanBnIiwic2xpZGVzaG93IjoiY2RmMjJjMCJ9\">\n\t\t\t\t\t<div class=\"e-gallery-image elementor-gallery-item__image\" data-thumbnail=\"https:\/\/hannatillmann.com\/wp-content\/uploads\/2024\/08\/tillmann-hanna_anya-es-fia_2024-205x300.jpg\" data-width=\"205\" data-height=\"300\" aria-label=\"\" role=\"img\" ><\/div>\n\t\t\t\t\t\t\t\t\t\t\t<div class=\"elementor-gallery-item__overlay\"><\/div>\n\t\t\t\t\t\t\t\t\t\t\t\t\t\t<\/a>\n\t\t\t\t\t\t\t<a class=\"e-gallery-item elementor-gallery-item elementor-animated-content\" href=\"https:\/\/hannatillmann.com\/wp-content\/uploads\/2024\/08\/tillmann-hanna_dark-night-of-the-soul.png\" data-elementor-open-lightbox=\"yes\" data-elementor-lightbox-slideshow=\"cdf22c0\" data-elementor-lightbox-title=\"tillmann hanna_dark night of the soul\" data-e-action-hash=\"#elementor-action%3Aaction%3Dlightbox%26settings%3DeyJpZCI6MjEsInVybCI6Imh0dHBzOlwvXC9oYW5uYXRpbGxtYW5uLmNvbVwvd3AtY29udGVudFwvdXBsb2Fkc1wvMjAyNFwvMDhcL3RpbGxtYW5uLWhhbm5hX2RhcmstbmlnaHQtb2YtdGhlLXNvdWwucG5nIiwic2xpZGVzaG93IjoiY2RmMjJjMCJ9\">\n\t\t\t\t\t<div class=\"e-gallery-image elementor-gallery-item__image\" data-thumbnail=\"https:\/\/hannatillmann.com\/wp-content\/uploads\/2024\/08\/tillmann-hanna_dark-night-of-the-soul-300x212.png\" data-width=\"300\" data-height=\"212\" aria-label=\"\" role=\"img\" ><\/div>\n\t\t\t\t\t\t\t\t\t\t\t<div class=\"elementor-gallery-item__overlay\"><\/div>\n\t\t\t\t\t\t\t\t\t\t\t\t\t\t<\/a>\n\t\t\t\t\t<\/div>\n\t\t\t<\/div>\n\t\t\t\t<\/div>\n\t\t\t\t\t<\/div>\n\t\t<\/div>\n\t\t\t\t\t<\/div>\n\t\t<\/section>\n\t\t\t\t<\/div>\n\t\t","protected":false},"excerpt":{"rendered":"<p>Kerett\u00f6rt\u00e9net &#8222;Kider\u00fclt, hogy a kerett\u00f6rt\u00e9net \u00e1t\u00edrhat\u00f3. Nem kell kidobni, el\u00e9g \u00e1talak\u00edtani. \u00c9s ekkor lett ez a ki\u00e1ll\u00edt\u00e1s.&#8221; (T.H.)<\/p>\n","protected":false},"author":1,"featured_media":0,"parent":0,"menu_order":0,"comment_status":"closed","ping_status":"closed","template":"","meta":{"footnotes":""},"class_list":["post-218","page","type-page","status-publish","hentry"],"_links":{"self":[{"href":"https:\/\/hannatillmann.com\/index.php\/wp-json\/wp\/v2\/pages\/218","targetHints":{"allow":["GET"]}}],"collection":[{"href":"https:\/\/hannatillmann.com\/index.php\/wp-json\/wp\/v2\/pages"}],"about":[{"href":"https:\/\/hannatillmann.com\/index.php\/wp-json\/wp\/v2\/types\/page"}],"author":[{"embeddable":true,"href":"https:\/\/hannatillmann.com\/index.php\/wp-json\/wp\/v2\/users\/1"}],"replies":[{"embeddable":true,"href":"https:\/\/hannatillmann.com\/index.php\/wp-json\/wp\/v2\/comments?post=218"}],"version-history":[{"count":25,"href":"https:\/\/hannatillmann.com\/index.php\/wp-json\/wp\/v2\/pages\/218\/revisions"}],"predecessor-version":[{"id":367,"href":"https:\/\/hannatillmann.com\/index.php\/wp-json\/wp\/v2\/pages\/218\/revisions\/367"}],"wp:attachment":[{"href":"https:\/\/hannatillmann.com\/index.php\/wp-json\/wp\/v2\/media?parent=218"}],"curies":[{"name":"wp","href":"https:\/\/api.w.org\/{rel}","templated":true}]}}