{"id":2,"date":"2023-10-19T16:36:54","date_gmt":"2023-10-19T16:36:54","guid":{"rendered":"https:\/\/hannatillmann.com\/?page_id=2"},"modified":"2025-02-25T16:37:30","modified_gmt":"2025-02-25T16:37:30","slug":"sample-page","status":"publish","type":"page","link":"https:\/\/hannatillmann.com\/index.php\/sample-page\/","title":{"rendered":"Tillmann Hanna \u2022 Bio"},"content":{"rendered":"\t\t<div data-elementor-type=\"wp-page\" data-elementor-id=\"2\" class=\"elementor elementor-2\" data-elementor-post-type=\"page\">\n\t\t\t\t\t\t<section class=\"elementor-section elementor-top-section elementor-element elementor-element-67d733a elementor-section-boxed elementor-section-height-default elementor-section-height-default\" data-id=\"67d733a\" data-element_type=\"section\">\n\t\t\t\t\t\t<div class=\"elementor-container elementor-column-gap-default\">\n\t\t\t\t\t<div class=\"elementor-column elementor-col-100 elementor-top-column elementor-element elementor-element-76f6c27\" data-id=\"76f6c27\" data-element_type=\"column\">\n\t\t\t<div class=\"elementor-widget-wrap elementor-element-populated\">\n\t\t\t\t\t\t<div class=\"elementor-element elementor-element-d41f3ac elementor-widget elementor-widget-heading\" data-id=\"d41f3ac\" data-element_type=\"widget\" data-widget_type=\"heading.default\">\n\t\t\t\t<div class=\"elementor-widget-container\">\n\t\t\t<h2 class=\"elementor-heading-title elementor-size-default\">Tillmann Hanna<\/h2>\t\t<\/div>\n\t\t\t\t<\/div>\n\t\t\t\t<div class=\"elementor-element elementor-element-e00e55e elementor-widget__width-initial elementor-widget elementor-widget-text-editor\" data-id=\"e00e55e\" data-element_type=\"widget\" data-widget_type=\"text-editor.default\">\n\t\t\t\t<div class=\"elementor-widget-container\">\n\t\t\t\t\t\t\t<p>Budapesten \u00e9l\u0151 k\u00e9pz\u0151m\u0171v\u00e9sz \u00e9s grafikus<\/p>\t\t\t\t\t\t<\/div>\n\t\t\t\t<\/div>\n\t\t\t\t\t<\/div>\n\t\t<\/div>\n\t\t\t\t\t<\/div>\n\t\t<\/section>\n\t\t\t\t<section class=\"elementor-section elementor-top-section elementor-element elementor-element-265c8036 elementor-section-boxed elementor-section-height-default elementor-section-height-default\" data-id=\"265c8036\" data-element_type=\"section\">\n\t\t\t\t\t\t<div class=\"elementor-container elementor-column-gap-default\">\n\t\t\t\t\t<div class=\"elementor-column elementor-col-100 elementor-top-column elementor-element elementor-element-3c45f437\" data-id=\"3c45f437\" data-element_type=\"column\">\n\t\t\t<div class=\"elementor-widget-wrap elementor-element-populated\">\n\t\t\t\t\t\t<div class=\"elementor-element elementor-element-4c39f92 elementor-widget elementor-widget-heading\" data-id=\"4c39f92\" data-element_type=\"widget\" data-widget_type=\"heading.default\">\n\t\t\t\t<div class=\"elementor-widget-container\">\n\t\t\t<h3 class=\"elementor-heading-title elementor-size-default\">Egy\u00e9ni ki\u00e1ll\u00edt\u00e1sok<\/h3>\t\t<\/div>\n\t\t\t\t<\/div>\n\t\t\t\t<div class=\"elementor-element elementor-element-2d00cba elementor-widget elementor-widget-text-editor\" data-id=\"2d00cba\" data-element_type=\"widget\" data-widget_type=\"text-editor.default\">\n\t\t\t\t<div class=\"elementor-widget-container\">\n\t\t\t\t\t\t\t<ul><li>2024 Vir\u00e1gz\u00e1sa nem javasolt &#8211; Lad\u00f3 Gal\u00e9ria, Budapest<\/li><li>2024 Kerett\u00f6rt\u00e9net &#8211; Living Gallery, Budapest<\/li><li>2024 Z\u00e1rv\u00e1nyok &#8211; Dr. Kardos Melinda \u00fcgyv\u00e9di irod\u00e1ja, Budapest<\/li><li>2023 \u00c9jjeli kert &#8211; pop-up lak\u00e1ski\u00e1ll\u00edt\u00e1s, Budapest<\/li><li>2017 Tillmann Hanna ki\u00e1ll\u00edt\u00e1sa \u2013 K\u00e9t Eg\u00e9r K\u00f6nyvesbolt, Budapest<\/li><li>2015 Valk\u0171r\u00f6k a harmadikon \u2013 Fischer Iv\u00e1n Lak\u00e1ssz\u00ednh\u00e1za, Budapest<\/li><li>2015 A szorong\u00e1s hegye \u2013 Korunk Gal\u00e9ria, Kolozsv\u00e1r, Rom\u00e1nia<\/li><li>2014 Vezetni kell \u2013 Jur\u00e1nyi Gal\u00e9ria, Budapest<\/li><li>2014 Ki ette meg a szavakat? \u2013 M\u00fcszi, Budapest<\/li><li>2011 Readymade utca \u2013 Telep, Budapest<\/li><\/ul>\t\t\t\t\t\t<\/div>\n\t\t\t\t<\/div>\n\t\t\t\t<div class=\"elementor-element elementor-element-76e652a elementor-widget elementor-widget-heading\" data-id=\"76e652a\" data-element_type=\"widget\" data-widget_type=\"heading.default\">\n\t\t\t\t<div class=\"elementor-widget-container\">\n\t\t\t<h3 class=\"elementor-heading-title elementor-size-default\">Csoportos ki\u00e1ll\u00edt\u00e1sok\u00a0<\/h3>\t\t<\/div>\n\t\t\t\t<\/div>\n\t\t\t\t<div class=\"elementor-element elementor-element-787afb8 elementor-widget elementor-widget-text-editor\" data-id=\"787afb8\" data-element_type=\"widget\" data-widget_type=\"text-editor.default\">\n\t\t\t\t<div class=\"elementor-widget-container\">\n\t\t\t\t\t\t\t<ul><li>2025 V\u00e1rj, ezt m\u00e9g el\u00fcltetem! &#8211; 2B Gal\u00e9ria<\/li><li>2024 Narrat\u00edv t\u00f6bbsz\u00f6r\u00f6s &#8211; \u00c1tkel\u0151 Gal\u00e9ria, Budapest<\/li><li>2023 Komplexus \u2013 MAM\u0170 Gal\u00e9ria, Budapest<\/li><li>2021 T\u00e9rviszony \u2013 Artus-Kapcsol\u00f3t\u00e9r, Budapest<\/li><li>2020 Home-works \u2013 Spilt Milk Gallery, Edinburgh, Sk\u00f3cia<\/li><li>2020 Egy\u00e1ltal\u00e1n doktor \u00far, nem tudok rendesen aludni \u2013 P.I.M, Budapest<\/li><li>2019 A hold fogat mos &#8211; Hermina Alkot\u00f3csoport &#8211; FUGA, Budapest<\/li><li>2019 IV. Orsz\u00e1gos Salg\u00f3tarj\u00e1ni Rajztrinn\u00e1l\u00e9 &#8211; Salg\u00f3tarj\u00e1n<\/li><li>2019 kraft,werk. \u00daj tagos ki\u00e1ll\u00edt\u00e1s \u2013 FKSE, Budapest<\/li><li>2018 Feljegyz\u00e9sek a f\u00e1skamr\u00e1b\u00f3l &#8211; Balassi Int\u00e9zet, Tallinn, \u00c9sztorsz\u00e1g<\/li><li>2018 Pap\u00edrt\u00f3l felh\u0151ig \u2013 Labor Gal\u00e9ria, Budapest<\/li><li>2018 K\u00edm\u00e9l\u0151 program \u2013 FUGA, Budapest<\/li><li>2017 B\u00fara \u2013 Hermina Alkot\u00f3csoport \u2013 Budapest Gal\u00e9ria, Budapest<\/li><li>2017 Had gadja \/ A g\u00f6d\u00f6lye mes\u00e9je \u2013 2B Gal\u00e9ria, Budapest<\/li><li>2017 R . A . J . Z . \u2013 Mank Gal\u00e9ria, Szentendre<\/li><li>2016 Mene, mene, tekel, ufarszin \u2013 FUGA, Budapest<\/li><li>2016 Salg\u00f3tarj\u00e1ni rajztrienn\u00e1l\u00e9 \u2013 Dornyay B\u00e9la M\u00fazeum, Salg\u00f3tarj\u00e1n<\/li><li>2016 G\u00c9M \/ GAMEkapocs \u2022 MODEM, Debrecen<\/li><li>2016 DIN A [&lt;], A und V, Leipzig, N\u00e9metorsz\u00e1g<\/li><li>2015 Zenek\u00e9p \u2013 Hermina Gal\u00e9ria, Budapest<\/li><li>2014 A t\u00f6r\u00e9s a szavakban van \u2013 Pet\u0151fi Irodalmi M\u00fazeum<\/li><li>2012 Diplomaki\u00e1ll\u00edt\u00e1s \u2013 Magyar K\u00e9pz\u0151m\u0171v\u00e9szeti Egyetem<\/li><li>2012 Nyelvi kertel\u00e9sek \u2013 Tallini Magyar Int\u00e9zet, Tallin, \u00c9sztorsz\u00e1g<\/li><li>2012 1 h\u00edj\u00e1n 20 \u2013 MAGMA, Sepsiszentgy\u00f6rgy, Rom\u00e1nia<\/li><li>2010 Inspir\u00e1ci\u00f3k \u2013 Pet\u0151fi Irodalmi M\u00fazeum, Budapest<\/li><li>2010 Szubjekt\u00edv Budapest T\u00e9r-k\u00e9pek \u2013 Centr\u00e1lis Gal\u00e9ria, Budapest<\/li><li>2010 rajzk\u00f6nyvek \/ drawing books \u2013 Viltin Gal\u00e9ria, Budapest<\/li><li>2010 K\u00f6z\u00e9rt 2.1 \u2013 Traf\u00f3 Gal\u00e9ria, Budapest<\/li><\/ul>\t\t\t\t\t\t<\/div>\n\t\t\t\t<\/div>\n\t\t\t\t\t<\/div>\n\t\t<\/div>\n\t\t\t\t\t<\/div>\n\t\t<\/section>\n\t\t\t\t<\/div>\n\t\t","protected":false},"excerpt":{"rendered":"<p>Tillmann Hanna Budapesten \u00e9l\u0151 k\u00e9pz\u0151m\u0171v\u00e9sz \u00e9s grafikus Egy\u00e9ni ki\u00e1ll\u00edt\u00e1sok 2024 Vir\u00e1gz\u00e1sa nem javasolt &#8211; Lad\u00f3 Gal\u00e9ria, Budapest 2024 Kerett\u00f6rt\u00e9net &#8211; Living Gallery, Budapest 2024 Z\u00e1rv\u00e1nyok &#8211; Dr. Kardos Melinda \u00fcgyv\u00e9di irod\u00e1ja, Budapest 2023 \u00c9jjeli kert &#8211; pop-up lak\u00e1ski\u00e1ll\u00edt\u00e1s, Budapest 2017 Tillmann Hanna ki\u00e1ll\u00edt\u00e1sa \u2013 K\u00e9t Eg\u00e9r K\u00f6nyvesbolt, Budapest 2015 Valk\u0171r\u00f6k a harmadikon \u2013 Fischer Iv\u00e1n [&hellip;]<\/p>\n","protected":false},"author":1,"featured_media":0,"parent":0,"menu_order":0,"comment_status":"closed","ping_status":"open","template":"","meta":{"footnotes":""},"class_list":["post-2","page","type-page","status-publish","hentry"],"_links":{"self":[{"href":"https:\/\/hannatillmann.com\/index.php\/wp-json\/wp\/v2\/pages\/2","targetHints":{"allow":["GET"]}}],"collection":[{"href":"https:\/\/hannatillmann.com\/index.php\/wp-json\/wp\/v2\/pages"}],"about":[{"href":"https:\/\/hannatillmann.com\/index.php\/wp-json\/wp\/v2\/types\/page"}],"author":[{"embeddable":true,"href":"https:\/\/hannatillmann.com\/index.php\/wp-json\/wp\/v2\/users\/1"}],"replies":[{"embeddable":true,"href":"https:\/\/hannatillmann.com\/index.php\/wp-json\/wp\/v2\/comments?post=2"}],"version-history":[{"count":47,"href":"https:\/\/hannatillmann.com\/index.php\/wp-json\/wp\/v2\/pages\/2\/revisions"}],"predecessor-version":[{"id":344,"href":"https:\/\/hannatillmann.com\/index.php\/wp-json\/wp\/v2\/pages\/2\/revisions\/344"}],"wp:attachment":[{"href":"https:\/\/hannatillmann.com\/index.php\/wp-json\/wp\/v2\/media?parent=2"}],"curies":[{"name":"wp","href":"https:\/\/api.w.org\/{rel}","templated":true}]}}